pose x = 8*o - 3740 - 132. What is the hundreds digit of o?
4
Let q be 1668/(-5) + (-2)/5. Suppose -4*v - 1536 = -v. Let c = q - v. What is the hundreds digit of c?
1
Suppose -148316 + 1155452 = 24*f. What is the units digit of f?
4
Let x(d) = d**3 + 6*d**2 - 3*d + 10. Let w be x(7). Let p = 902 - w. What is the units digit of p?
6
Let k(j) = -39*j + 2. Let r be k(2). Let u = 300 - 6. Let c = u + r. What is the tens digit of c?
1
Let l be (-4)/2 + 4 + 0/(-10). Suppose -3*n - 3*m + 2224 = l*n, 3*n + 5*m - 1328 = 0. What is the hundreds digit of n?
4
Let t = 647 - -3053. Suppose -c + t = 4*c. What is the units digit of c?
0
Let o(t) = t**3 + 31*t**2 - 132*t - 100. What is the units digit of o(-33)?
8
Let h(d) = 361*d**2 - 21*d - 36. What is the hundreds digit of h(-4)?
8
Let q = 42 + -30. Suppose 0 = 4*f + 4*p - 16, -5*f + 2*f + q = 2*p. Suppose -17 = f*y - 349. What is the tens digit of y?
8
Let l be (-127788)/(-14) - ((-156)/(-42) - 4). What is the hundreds digit of (l/70)/(3/15)?
6
Let n = 232 + -407. Let o = 337 + n. What is the hundreds digit of o?
1
Suppose x = -0*x - 4*j + 166, 2*j - 4 = 0. Suppose 5*q = -4*z + 318, -3*z + x = q - 75. What is the tens digit of z?
7
What is the units digit of 4 + (-374)/22 + 65865?
2
Let t be -4*(-3)/6 - (96 + -1). What is the tens digit of (-11937)/(-10) + t/(-310)?
9
Let y be ((-4)/(-8) + -1)*2508/22. Let p be (10 - -1)/(4/64). Let i = y + p. What is the tens digit of i?
1
Let o(z) = -z**3 + 9*z**2 + 58*z - 7. Let b be (-56)/364 + 290/26. What is the tens digit of o(b)?
8
Suppose 478 = -9*u - 134. What is the units digit of u*14*(-6)/16?
7
Suppose 36 = 5*m + 3*i + i, -2*m - 3*i + 20 = 0. Suppose -5*p + m*p + 2145 = 4*o, 5*p = -o + 541. What is the units digit of o?
6
Let f(c) = 51*c - 63. Suppose -p + 3 = -2*o + 2*p, 0 = 3*o - 2*p - 8. What is the tens digit of f(o)?
4
Suppose 443*l - 436*l - 91054 = 3*f, -5*f = 5*l - 65010. What is the hundreds digit of l?
0
Suppose -58*n = -60*n + 8. Suppose -k - 1192 = -5*j, -n*j + 5*k - 35 + 997 = 0. Suppose -50 - j = -8*h. What is the units digit of h?
6
Let u(m) be the second derivative of 5*m**4/3 + 65*m**3/6 + 5*m**2/2 - 250*m. What is the tens digit of u(-5)?
8
What is the tens digit of 12/33 + 1223105/715?
1
Suppose 4*h + 4*z = 156, -4*h - 2*z + 112 = -46. Let u = -40 + h. Suppose 3*o + 5*d = 3*d + 381, u = -5*o + 5*d + 610. What is the tens digit of o?
2
Let g(c) = -c - 22 + 11 - 5. Let l be g(-7). What is the tens digit of (109/2 - 2)*(-12)/l?
7
Let w(z) = -z**2 - 9*z - 1. Let q be w(-5). Suppose q*a + 159 = 22*a. Suppose -c + 0*c + 4*x = -a, -2*c + 5*x = -106. What is the tens digit of c?
5
Suppose 0*v - 5*v - 101652 = -4*y, 20 = 5*v. What is the units digit of y?
8
Let z = -264 + 126. Let m = z - -126. What is the units digit of 8/m*-273 + 2?
4
Let p = -1201 - -19603. What is the units digit of p?
2
Let m(s) = -11*s - 3*s**2 - 33*s**2 - 10 - 48*s**2. Let g be m(-1). Let y = g - -171. What is the tens digit of y?
8
Let t be 2/5 - 19/(285/846756). What is the hundreds digit of (-6)/27 - t/90?
6
Let m = -526 - -316. Let k = m - -358. What is the tens digit of k?
4
Let u(k) = -17*k**3 + 6*k**2 - 3. Let i be u(-4). Suppose -i = -2*q - 3*m, -3*q + 2078 = -m + 301. What is the tens digit of q?
9
Let q(n) = -n. Let c(m) = -5*m**2 - 6*m + 19. Let b(y) = -c(y) - 5*q(y). Let l = -2 - -7. What is the units digit of b(l)?
1
Let c be 2 + (-28)/(-13) + (-10)/65. Suppose -2*s - 14 = -2*n, -s - c*s = 20. Suppose n*j - 5*o + 63 = 352, -2*o - 507 = -5*j. What is the units digit of j?
3
Let c(i) = 3606*i**3 - 6*i**2 + 29*i - 39. What is the hundreds digit of c(2)?
8
Suppose -4 = p, 16*a = 11*a + p + 8834. What is the tens digit of a?
6
Suppose -t = 3*s - 8 - 23, 5*s - 53 = -3*t. Suppose s*u + 4224 = 26*u. What is the units digit of u?
4
Suppose -101*p + 7429 = -78*p. Let h = p + -179. What is the hundreds digit of h?
1
Suppose 2*m = j + 96, 2*m = -4*j - j + 72. Suppose 0 = n - m - 63. Suppose 0 = r - 170 - n. What is the hundreds digit of r?
2
Suppose -56*t + 52*t = -31*t + 626076. What is the hundreds digit of t?
1
Let x = 120386 - 82734. What is the ten thousands digit of x?
3
Suppose 477*x + 1755639 = 508*x + 253844. What is the thousands digit of x?
8
Let l(r) = -219*r - 13 + 198*r + 48. Let c(t) = -9*t**2 - 1. Let g be c(-1). What is the units digit of l(g)?
5
Let k = 31042 - -6102. What is the units digit of k?
4
Let g(b) = -28*b + 46. Let i be g(2). Let z(h) = -31*h - 171. What is the units digit of z(i)?
9
Suppose -2*u - 170 = -2*s, -u - 5*s - 84 = -11. Let r = -94 - -281. Let p = u + r. What is the tens digit of p?
0
Suppose 4*n - 4 = 2*t, t - 10 = -4*n - 0*n. Suppose -5*s + p - n*p + 407 = 0, -4*s - 2*p + 328 = 0. What is the tens digit of s?
8
Suppose -2*j = -2*d + 21962, 4*d - 43919 = 466*j - 467*j. What is the ten thousands digit of d?
1
Let l(r) = 1003*r - 99. Let v be l(13). Suppose v = -81*f + 91*f. What is the hundreds digit of f?
2
Let t be (9/2)/((-12)/8 - -1). Let u(z) = z**3 + 10*z**2 + 7*z - 3. Let a be u(t). Suppose -10*m + a*m - 295 = 0. What is the units digit of m?
9
Suppose 321*s + 122740 = 326*s. What is the tens digit of s?
4
Let j(w) = -w**3 + 80*w**2 - 271*w + 1412. What is the units digit of j(75)?
2
Suppose 511 = -5*q + 2186. Let l = q - 219. What is the tens digit of l?
1
Let v(n) = 2*n**2 + 2*n - 2. Let u be v(-2). Suppose -3*z - 2*b = -5*b - 36, 0 = -u*b. What is the tens digit of (-79)/(-5) - z/15?
1
Suppose -2*n - 1133 = 5*t - 38253, -5*n = -3*t - 92769. What is the hundreds digit of n?
5
Suppose 6*d - 12 = -0. Let t be (-9)/(-3) - (-1 + d). Let m(o) = 5*o**3 + 3*o**2 - 4*o + 6. What is the units digit of m(t)?
0
Let k(p) = -395*p - 50. Let j be k(-6). Suppose 0*f + f - 4*q = 467, 5*f - 5*q - j = 0. What is the units digit of f?
3
Let u = -217 + 448. Let z = u - 108. What is the hundreds digit of z?
1
Let n(h) = 12*h**3 - 47*h**2 + 19*h + 277. Let s(c) = -5*c**3 + 24*c**2 - 9*c - 139. Let o(y) = -3*n(y) - 7*s(y). What is the units digit of o(-29)?
0
Suppose -t - y + 6 = 4, 4*t - 4*y + 8 = 0. Let l be 4/(-14) - 2858/(-7). Suppose t = -7*f + 11*f - l. What is the units digit of f?
2
Let v = 8172 + -5694. What is the hundreds digit of v?
4
Suppose 2614963 - 8435251 = -184*h. What is the units digit of h?
2
Let w(v) = v**3 + 14*v**2 + 11*v - 18. Let s be w(-13). Let a(o) = 15*o - 12. Let y be a(s). Let f = 190 - y. What is the tens digit of f?
8
Let a(j) = j**3 + 4*j**2 - 11*j + 6. Let h(m) = -m**3 - 4*m**2 + 5*m - 5. Let p be h(-5). Let o be a(p). What is the units digit of (-4)/6 - (-420)/o?
1
Let q(n) = 0*n + 98 - 17 + n - n**2. Let x be 3 - ((-3 - 0 - -3) + 3). What is the tens digit of q(x)?
8
Let z(h) = -h**2 - 10*h + 1. Let u be z(-9). Let c be (0 + u/8)/((-11)/(-132)). Suppose c*d - 16*d = -112. What is the hundreds digit of d?
1
Suppose -6*g + 2 + 4 = 0. What is the units digit of (138/230)/(g/410)?
6
Let o be 10 - 740/75 - (-1093)/15. Let c = 699 - o. What is the units digit of c?
6
Let k be 18/15*10/4. Suppose 2*v + 35 = 5*x - k*v, -v - 12 = -2*x. Suppose -2*p + 5*y = -p - 31, -5*p - x*y = -185. What is the tens digit of p?
3
Suppose 331290 + 791244 = 75*h - 1064841. What is the thousands digit of h?
9
Suppose -5*v = -3*h - 84, -4*h - 68 = -5*v + 14. Suppose 1219 = -v*t - 6107. What is the tens digit of t/(-2) - ((-54)/(-12))/9?
0
Suppose -9*o + 8483 = -7*m + 3*m, 0 = 4*o + 20. Suppose -12 = 3*i + 5*j, -6*i - 2*j = -3*i + 12. What is the units digit of i/(-10)*(m/(-4) - 3)?
2
Let n = -1095 + 2438. Let h = 1937 - n. What is the tens digit of h?
9
What is the hundreds digit of (-4)/(-24) + 9341/6?
5
Let z be (6 - 0)*(6 + (-12474)/(-12)). Suppose 12*p - z = -5*p. What is the units digit of p?
9
Suppose -2*g - 8 = -2*l, 22*l + 4 = -g + 20*l. What is the tens digit of g - (-84)/8*154/3?
3
Let o(b) = -66*b - 125*b - 38*b + 31*b - 82 - 40. What is the tens digit of o(-4)?
7
Suppose -2*a = -5*a + 15, -2*j + 17389 = a. What is the tens digit of j?
9
Let a = 69 + -68. Let q(r) = -29*r + 2. Let n be q(a). Let o = 63 + n. What is the tens digit of o?
3
What is the units digit of -12*(-10)/(-9)*-6753?
0
Let f = -274 - -263. Let b(h) = -h**3 - 5*h**2 + 34*h + 8. What is the units digit of b(f)?
0
Suppose -20399 = 18*v - 22*v - 5*a, -5*a = -3